
0
What is the units digit of 21781584?
4
What is the units digit of 1621309179?
9
What is the ten thousands digit of 13583546?
8
What is the hundred thousands digit of 403381791?
3
What is the tens digit of 1344662321?
2
What is the tens digit of 1705152101?
0
What is the millions digit of 112344068?
2
What is the tens digit of 45590391?
9
What is the ten thousands digit of 366225582?
2
What is the ten millions digit of 483655326?
8
What is the hundred thousands digit of 138181138?
1
What is the ten millions digit of 76681980?
7
What is the thousands digit of 2368229728?
9
What is the hundred millions digit of 1594586823?
5
What is the units digit of 191288578?
8
What is the thousands digit of 250389557?
9
What is the tens digit of 97569456?
5
What is the millions digit of 127731806?
7
What is the ten thousands digit of 9748518?
4
What is the millions digit of 20704389?
0
What is the ten millions digit of 169367174?
6
What is the tens digit of 53858203?
0
What is the ten thousands digit of 2448561148?
6
What is the tens digit of 439380714?
1
What is the hundreds digit of 20322082?
0
What is the millions digit of 75624677?
5
What is the units digit of 645623161?
1
What is the ten millions digit of 1407231058?
0
What is the thousands digit of 57903333?
3
What is the ten thousands digit of 185537556?
3
What is the millions digit of 250943884?
0
What is the hundred thousands digit of 728030446?
0
What is the tens digit of 808833943?
4
What is the hundred millions digit of 587882018?
5
What is the tens digit of 1212807?
0
What is the units digit of 634409645?
5
What is the thousands digit of 1888278463?
8
What is the tens digit of 27110044?
4
What is the ten thousands digit of 8638262874?
6
What is the thousands digit of 1456209962?
9
What is the ten millions digit of 26768832?
2
What is the millions digit of 23001262?
3
What is the units digit of 215716973?
3
What is the hundreds digit of 193796172?
1
What is the millions digit of 10030521?
0
What is the hundreds digit of 507893007?
0
What is the ten millions digit of 4934025998?
3
What is the thousands digit of 468683786?
3
What is the thousands digit of 103200892?
0
What is the hundred thousands digit of 31046224?
0
What is the millions digit of 147120242?
7
What is the hundred millions digit of 245011764?
2
What is the tens digit of 945260164?
6
What is the hundreds digit of 122147679?
6
What is the units digit of 29456851?
1
What is the ten millions digit of 341841548?
4
What is the millions digit of 63430785?
3
What is the hundred millions digit of 1774914034?
7
What is the ten thousands digit of 8275235811?
3
What is the billions digit of 1300433369?
1
What is the hundred millions digit of 4906534100?
9
What is the hundred millions digit of 111179766?
1
What is the thousands digit of 1059728666?
8
What is the tens digit of 3123056381?
8
What is the units digit of 58262233?
3
What is the ten thousands digit of 452242700?
4
What is the millions digit of 5456657?
5
What is the tens digit of 71863087?
8
What is the hundred thousands digit of 71523287?
5
What is the tens digit of 2671756?
5
What is the tens digit of 69528361?
6
What is the hundreds digit of 76232881?
8
What is the hundred millions digit of 747648592?
7
What is the tens digit of 605514801?
0
What is the hundred millions digit of 274059170?
2
What is the ten thousands digit of 108820118?
2
What is the thousands digit of 1332752777?
2
What is the millions digit of 310111876?
0
What is the ten thousands digit of 1048613303?
1
What is the millions digit of 59264671?
9
What is the ten thousands digit of 660434925?
3
What is the millions digit of 83778887?
3
What is the millions digit of 252788060?
2
What is the hundreds digit of 228416511?
5
What is the units digit of 5059948388?
8
What is the ten millions digit of 484367834?
8
What is the hundreds digit of 879776095?
0
What is the thousands digit of 206039871?
9
What is the units digit of 173180011?
1
What is the tens digit of 265832891?
9
What is the hundreds digit of 179981549?
5
What is the units digit of 1957671800?
0
What is the ten millions digit of 167891760?
6
What is the units digit of 92111036?
6
What is the tens digit of 135475561?
6
What is the hundreds digit of 4042800529?
5
What is the hundred thousands digit of 143578683?
5
What is the ten millions digit of 450083097?
5
What is the tens digit of 6740591655?
5
What is the hundred thousands digit of 753597341?
5
What is the ten millions digit of 62709785?
6
What is the ten thousands digit of 1387400317?
0
What is the ten millions digit of 6459270253?
5
What is the thousands digit of 16805281?
5
What is the ten millions digit of 580277474?
8
What is the hundreds digit of 67123743?
7
What is the tens digit of 1607085925?
2
What is the ten millions digit of 132171325?
3
What is the units digit of 264089378?
8
What is the millions digit of 83554186?
3
What is the ten millions digit of 121765022?
2
What is the ten millions digit of 71459571?
7
What is the ten millions digit of 3530320110?
3
What is the hundreds digit of 60668902?
9
What is the ten millions digit of 44107687?
4
What is the thousands digit of 811629441?
9
What is the thousands digit of 468667816?
7
What is the units digit of 276759648?
8
What is the ten thousands digit of 720581108?
8
What is the hundreds digit of 201323524?
5
What is the hundred millions digit of 5132150574?
1
What is the hundred millions digit of 107904224?
1
What is the hundreds digit of 51309106?
1
What is the ten millions digit of 543762901?
4
What is the units digit of 579979477?
7
What is the hundreds digit of 92092345?
3
What is the units digit of 75773547?
7
What is the tens digit of 44978865?
6
What is the billions digit of 2731529520?
2
What is the hundred thousands digit of 24352226?
3
What is the hundred thousands digit of 1514557779?
5
What is the hundred thousands digit of 674956016?
9
What is the ten millions digit of 2444039347?
4
What is the hundred thousands digit of 302622155?
6
What is the hundred thousands digit of 2628851018?
8
What is the thousands digit of 3061988?
1
What is the ten thousands digit of 231786015?
8
What is the ten millions digit of 10623187?
1
What is the ten thousands digit of 44244688?
4
What is the ten thousands digit of 83571252?
7
What is the units digit of 349450350?
0
What is the thousands digit of 4983088720?
8
What is the thousands digit of 3593228?
3
What is the tens digit of 239732859?
5
What is the units digit of 13095038?
8
What is the hundred millions digit of 959572456?
9
What is the units digit of 43585735?
5
What is the ten thousands digit of 3001266473?
6
What is the hundred thousands digit of 251900864?
9
What is the millions digit of 22904430?
2
What is the tens digit of 494181365?
6
What is the hundred millions digit of 1432213082?
4
What is the ten millions digit of 102588835?
0
What is the units digit of 2641306350?
0
What is the hundred millions digit of 692014026?
6
What is the billions digit of 1662011320?
1
What is the units digit of 353231064?
4
What is the ten millions digit of 4794707720?
9
What is the hundreds digit of 366150995?
9
What is the hundreds digit of 571519082?
0
What is the millions digit of 99164637?
9
What is the tens digit of 2319654329?
2
What is the hundreds digit of 407303176?
1
What is the hundred millions digit of 1165521621?
1
What is the hundreds digit of 98121428?
4
What is the hundred millions digit of 502100537?
5
What is the tens digit of 1176446245?
4
What is the ten thousands digit of 21350614?
5
What is the hundreds digit of 68422030?
0
What is the hundred millions digit of 766862199?
7
What is the millions digit of 41298419?
1
What is the ten millions digit of 127832332?
2
What is the thousands digit of 3141687435?
7
What is the ten thousands digit of 165143726?
4
What is the hundred millions digit of 812299121?
8
What is the hundred thousands digit of 113317777?
3
What is the ten thousands digit of 39041638?
4
What is the millions digit of 160939293?
0
What is the units digit of 56870105?
5
What is the millions digit of 917956519?
7
What is the thousands digit of 920410616?
0
What is the thousands digit of 350764968?
4
What is the hundreds digit of 258652573?
5
What is the ten thousands d